the remainder when 18322638 is divided by 451.
312
Calculate the remainder when 293044 is divided by 3644.
1524
Calculate the remainder when 682318733 is divided by 368.
365
Calculate the remainder when 10388978 is divided by 407.
303
What is the remainder when 619750 is divided by 357?
355
Calculate the remainder when 22983 is divided by 546.
51
What is the remainder when 60717 is divided by 8602?
503
Calculate the remainder when 385429 is divided by 14.
9
What is the remainder when 470069191 is divided by 51?
49
Calculate the remainder when 1798752 is divided by 2012.
24
What is the remainder when 2978717 is divided by 6740?
6377
What is the remainder when 377948 is divided by 41991?
29
Calculate the remainder when 14270 is divided by 1009.
144
Calculate the remainder when 6389317 is divided by 709920.
37
What is the remainder when 3862052 is divided by 643674?
8
Calculate the remainder when 595344 is divided by 10383.
3513
Calculate the remainder when 1059724 is divided by 8479.
8328
What is the remainder when 37456 is divided by 2436?
916
Calculate the remainder when 92993766 is divided by 61.
59
Calculate the remainder when 389947 is divided by 129817.
496
Calculate the remainder when 2134911 is divided by 57695.
196
Calculate the remainder when 14486 is divided by 291.
227
Calculate the remainder when 22732927 is divided by 1045.
1042
What is the remainder when 2079346 is divided by 23103?
76
Calculate the remainder when 4347008 is divided by 1086751.
4
What is the remainder when 322651 is divided by 10408?
3
Calculate the remainder when 10958142 is divided by 5479057.
28
What is the remainder when 26238462 is divided by 26238456?
6
Calculate the remainder when 796723 is divided by 8527.
3712
Calculate the remainder when 1713118 is divided by 32944.
30
What is the remainder when 50393348 is divided by 95?
28
What is the remainder when 4262535 is divided by 716?
187
What is the remainder when 950733457 is divided by 12451?
12450
Calculate the remainder when 1116892 is divided by 19.
15
Calculate the remainder when 91595 is divided by 13.
10
What is the remainder when 9193220 is divided by 1767?
1286
What is the remainder when 235037 is divided by 4508?
621
What is the remainder when 19978 is divided by 6149?
1531
Calculate the remainder when 21024372 is divided by 7008124.
0
Calculate the remainder when 243869 is divided by 437.
23
What is the remainder when 153048 is divided by 6353?
576
What is the remainder when 8616393 is divided by 287213?
3
What is the remainder when 2673795 is divided by 534756?
15
Calculate the remainder when 133896 is divided by 2268.
84
What is the remainder when 7825629 is divided by 173902?
39
What is the remainder when 1098321 is divided by 35429?
22
What is the remainder when 183543 is divided by 4583?
223
Calculate the remainder when 318330 is divided by 7073.
45
Calculate the remainder when 21993 is divided by 5641.
5070
What is the remainder when 14225655 is divided by 326?
319
Calculate the remainder when 14440201 is divided by 6150.
1
Calculate the remainder when 79775 is divided by 3607.
421
What is the remainder when 69848592 is divided by 45?
42
Calculate the remainder when 630765 is divided by 263.
91
Calculate the remainder when 4395602 is divided by 433.
219
What is the remainder when 577503 is divided by 651?
66
What is the remainder when 609467 is divided by 222?
77
Calculate the remainder when 1401434 is divided by 70063.
174
Calculate the remainder when 78213 is divided by 77467.
746
Calculate the remainder when 81912 is divided by 2896.
824
What is the remainder when 295278 is divided by 6417?
96
What is the remainder when 11267168 is divided by 281679?
8
What is the remainder when 3656 is divided by 1508?
640
Calculate the remainder when 47874664 is divided by 32746.
12
Calculate the remainder when 15540251 is divided by 741.
740
What is the remainder when 7701438 is divided by 1585?
1508
Calculate the remainder when 15791 is divided by 503.
198
Calculate the remainder when 4860459 is divided by 40169.
10
What is the remainder when 975022 is divided by 9285?
97
Calculate the remainder when 8777822 is divided by 1831.
8
What is the remainder when 51657321 is divided by 833182?
37
Calculate the remainder when 348997 is divided by 2750.
2497
What is the remainder when 10391800 is divided by 1530?
40
Calculate the remainder when 8434251 is divided by 2811347.
210
What is the remainder when 441812 is divided by 66?
8
What is the remainder when 176378220 is divided by 26?
18
What is the remainder when 770378 is divided by 5425?
28
Calculate the remainder when 137404 is divided by 45231.
1711
Calculate the remainder when 5199416 is divided by 36107.
8
What is the remainder when 5473831 is divided by 26?
25
What is the remainder when 41672 is divided by 991?
50
What is the remainder when 1520860 is divided by 422?
394
What is the remainder when 3268005 is divided by 70?
55
What is the remainder when 174951488 is divided by 14?
12
Calculate the remainder when 3047881 is divided by 3047879.
2
Calculate the remainder when 12128413 is divided by 86.
5
What is the remainder when 1181630 is divided by 5626?
170
Calculate the remainder when 57126 is divided by 56954.
172
What is the remainder when 21946 is divided by 84?
22
Calculate the remainder when 8424971 is divided by 1573.
1556
What is the remainder when 171519 is divided by 1340?
1339
What is the remainder when 8381695 is divided by 1525?
295
What is the remainder when 2352525 is divided by 73516?
13
What is the remainder when 261472750 is divided by 108?
106
What is the remainder when 1196389 is divided by 128?
101
Calculate the remainder when 234140 is divided by 1193.
312
Calculate the remainder when 7727838 is divided by 321993.
6
What is the remainder when 1910429 is divided by 34114?
45
Calculate the remainder when 855534432 is divided by 651.
648
Calculate the remainder when 1759214 is divided by 293154.
290
Calculate the remainder when 2169192 is divided by 503.
256
Calculate the remainder when 716022 is divided by 139.
33
What is the remainder when 1005408431 is divided by 56?
55
What is the remainder when 330440 is divided by 209?
11
What is the remainder when 1349938 is divided by 627?
7
What is the remainder when 2441217 is divided by 2?
1
Calculate the remainder when 397872 is divided by 24.
0
What is the remainder when 4112974 is divided by 321?
1
What is the remainder when 1027024 is divided by 39?
37
Calculate the remainder when 186835746 is divided by 532.
6
Calculate the remainder when 4080855 is divided by 4801.
5
What is the remainder when 1215990 is divided by 135020?
810
Calculate the remainder when 501161 is divided by 293.
131
What is the remainder when 224706 is divided by 556?
82
What is the remainder when 392074143 is divided by 224?
223
Calculate the remainder when 10499344 is divided by 1987.
36
Calculate the remainder when 612074 is divided by 105.
29
What is the remainder when 6533287 is divided by 60?
7
What is the remainder when 142124 is divided by 595?
514
Calculate the remainder when 31429810 is divided by 34.
6
What is the remainder when 14720157 is divided by 808?
13
Calculate the remainder when 4919612 is divided by 969.
968
What is the remainder when 711268 is divided by 587?
411
Calculate the remainder when 2178534 is divided by 436.
278
What is the remainder when 565813 is divided by 6150?
13
What is the remainder when 87801643 is divided by 50?
43
Calculate the remainder when 747368 is divided by 76.
60
What is the remainder when 732578 is divided by 3176?
2098
What is the remainder when 2748784 is divided by 143?
38
Calculate the remainder when 8523839 is divided by 2841278.
5
What is the remainder when 278428 is divided by 92626?
550
Calculate the remainder when 450394 is divided by 450381.
13
Calculate the remainder when 16859 is divided by 4094.
483
What is the remainder when 12295 is divided by 724?
711
Calculate the remainder when 985587 is divided by 1186.
21
Calculate the remainder when 7684259 is divided by 1109.
1107
Calculate the remainder when 1680170 is divided by 449.
12
Calculate the remainder when 8088718 is divided by 735.
43
What is the remainder when 6062113 is divided by 24056?
1
W